me factors of r?
3, 5, 47
What are the prime factors of (-1 + 7 - 0) + 456?
2, 3, 7, 11
Suppose 2 = -d - x, -2*d - 30 = -7*d + 5*x. Suppose -4*p + 1108 = d*f + 2*f, -5*f + 3*p + 1393 = 0. List the prime factors of f.
2, 139
Let a be ((-1)/(-2))/(2/8). Suppose o = -2 - 3, 59 = a*r - 5*o. Suppose -192 = r*b - 21*b. What are the prime factors of b?
2, 3
Let q(j) = -8*j + 21. Suppose -10 + 19 = -k. What are the prime factors of q(k)?
3, 31
Suppose 0 = -3*t + 6 + 6. Let g(x) = -x**3 + 5*x**2 - x - 4. Let z be g(t). Let o(n) = 5*n - 11. What are the prime factors of o(z)?
29
Suppose -2439 = -3*o - 3*g, 4081 = 5*o + 10*g - 13*g. What are the prime factors of o?
5, 163
Let q(u) = 10*u**3 + u**2 - 26*u - 17. What are the prime factors of q(5)?
2, 3, 47
Let r(t) = 10*t**2 + 6*t + 18. What are the prime factors of r(9)?
2, 3, 7
Let r be 8 + -5 - (3 + -1 + -1). Suppose 2 + 10 = 4*n, 5*d - r*n - 59 = 0. List the prime factors of d.
13
Let n(y) = 2*y**3 + 48*y**2 - 8*y - 50. What are the prime factors of n(-22)?
2, 1031
Let a be (-2)/(-7) - 57/(-21). Let o(n) = 2 + 2 - 5 - a*n - 20*n. List the prime factors of o(-1).
2, 11
What are the prime factors of 168/(10/(-36)*36/(-45))?
2, 3, 7
Suppose 19*o - 17*o - 6 = 0. Let h(v) be the third derivative of v**5/20 - v**4/12 + v**3 + v**2. List the prime factors of h(o).
3
Let o be 122 + 1/4 + 36/(-16). Let i = -86 + o. What are the prime factors of i?
2, 17
Let l be (-1*73)/(5 - 4). Let t = -139 - l. Let n = -26 - t. List the prime factors of n.
2, 5
Suppose 0 = 4*k - 3*k + 4*j - 3, 4*k - 4*j - 12 = 0. Suppose 2*r = k*b - r + 57, 5*r = -2*b - 3. Let z = 23 + b. List the prime factors of z.
3
Let o = 13 + -25. Let c be (o/(-10))/((-6)/(-15)). Suppose 2*w - n - 25 = 0, -8*n + 4*n - 30 = -c*w. What are the prime factors of w?
2, 7
Let g(t) = -17*t**3 + 2*t**2 - 12*t + 16. List the prime factors of g(-6).
2, 479
Suppose 210*o + 23400 = 223*o. List the prime factors of o.
2, 3, 5
Suppose 0*p + 3*p - 75 = 0. Let m = p + -115. List the prime factors of m/(-4) + (-2)/(-4).
23
List the prime factors of 3845/3 - 152/228.
3, 7, 61
Let i = 779 + 79. What are the prime factors of i?
2, 3, 11, 13
Let u(m) = 19*m - 5*m**2 + 4*m**2 - 17 - 6*m + 2. Let q be u(11). Suppose 9*t = q*t + 100. List the prime factors of t.
2, 5
Let v be (6/(-15))/(2/190). Suppose 7*a = 8*a - 56. Let u = a + v. What are the prime factors of u?
2, 3
Suppose m - 3*m - 2 = 0. Let a(z) = -124*z + 2. List the prime factors of a(m).
2, 3, 7
Suppose -47*z = -4*u - 48*z + 8499, -5*u - z = -10623. What are the prime factors of u?
2, 3, 59
Let j = 4458 - 2238. List the prime factors of j.
2, 3, 5, 37
Suppose -2*r + 1 + 27 = 0. Suppose -14 = -2*h + 3*t, -5*h = 6*t - 3*t - r. Suppose 3*y = -h*l + 232, y = -4*l - 74 + 306. List the prime factors of l.
2, 29
Let o(w) = w**3 + 19*w**2 + 7. Let m be o(-19). Suppose 3*t = m*t - 40. List the prime factors of t.
2, 5
Let b be 12 - 13 - (0 - -5). List the prime factors of (-476)/b + 0 + (-6)/(-9).
2, 5
Suppose y + 1340 = 3*p, p - 3*y = -172 + 632. What are the prime factors of p?
5, 89
Suppose 7*y - 226 = 5*y. List the prime factors of y.
113
Suppose 2*d - 2412 = -2*y, -14*y + 5*d = -13*y - 1206. List the prime factors of y.
2, 3, 67
Let c(z) = -z**3 + 5*z**2 + 3*z - 5. Let o(k) = -k**2 + 1. Let b(h) = -c(h) - 6*o(h). What are the prime factors of b(5)?
2, 67
Suppose -37*c + 44*c - 5460 = 0. What are the prime factors of c?
2, 3, 5, 13
Let q = 482 + -269. Let g = -118 + q. What are the prime factors of g?
5, 19
Let b(x) = -7*x**3 + 10*x**2 - 32*x + 13. Let l(d) = -11*d**3 + 15*d**2 - 48*d + 20. Let g(a) = -8*b(a) + 5*l(a). What are the prime factors of g(5)?
2, 19
List the prime factors of (-122)/1220 + 32871/10 + 0.
19, 173
Let p be 2*(3/3 - 2). List the prime factors of 205 + 6 + 2/p.
2, 3, 5, 7
Let j = 401 - 15. Suppose 0*q = 5*y + q - j, 5*q = 4*y - 303. List the prime factors of y.
7, 11
Let b(t) = -t**2 - 3*t - 4. Let l be b(-8). Let u be (-2)/(-8) - 121/l. Suppose -u*s + 35 + 19 = 0. List the prime factors of s.
2, 3
Let f = 33 + -22. Let r be (-15)/(-5) - (1 + f). Let s = 18 + r. What are the prime factors of s?
3
Suppose 139231 = 44*y + 27*y. What are the prime factors of y?
37, 53
List the prime factors of 4 + -8 - (1 - -2) - -3954.
3947
Let g be -1*-6*(-2)/6. Let y be (g/(-4))/((-11)/(-88)). Suppose -94 + 266 = 4*x - y*q, 28 = x + 4*q. What are the prime factors of x?
2, 5
Let b(u) = u**2 - 4*u. Let q be 1*(-1 - 19)/(-4). What are the prime factors of b(q)?
5
Let q(v) = -v**2 + 4*v + 4. Let l be q(3). Suppose -l*f - 805 = -12*f. What are the prime factors of f?
7, 23
Let u be 28/5 + (-9)/15. Suppose -k - 16 = -5*d, u*k + 80 = -d - d. Let r = k - -40. What are the prime factors of r?
2, 3
Let w(a) = 170*a - 408. What are the prime factors of w(13)?
2, 17, 53
Let r be (-37)/(-7) - (-2)/(-7). Suppose -2*z - 42 = -3*j - z, -4*j - r*z = -75. Suppose 0 = -l - 1 + j. What are the prime factors of l?
2, 7
Let t(g) = -2*g**3 - 2*g**2 + 6*g + 16. List the prime factors of t(-5).
2, 3, 31
Suppose -9*n - 2001 = -7482. List the prime factors of n.
3, 7, 29
Let v = 509 - 362. What are the prime factors of v?
3, 7
Let m(y) = -y**2 - 8*y + 16. Let b be m(-9). Suppose 2*v - 5*a + a = 0, 5*a = -v + b. List the prime factors of v.
2
Let g = -86 - -108. Suppose -6*v = -260 - g. What are the prime factors of v?
47
Let h = 64 + -58. Suppose -215 = f - h*f. What are the prime factors of f?
43
Let t(d) = d**3 + 18*d**2 + 7*d + 13. Let h be t(-7). Suppose 4*j - h = x + 176, 5*j + 5*x - 855 = 0. What are the prime factors of j?
2, 5, 17
Suppose -8*g + 10188 = -17644. List the prime factors of g.
7, 71
Suppose -4*j + 2*a = -1204, -710 = -5*j - 5*a + 780. Suppose 0 = 2*u - 44 - j. List the prime factors of u.
2, 43
Suppose a - 4*d = -3*d + 1092, 1107 = a + 2*d. What are the prime factors of a?
1097
What are the prime factors of 321068/440 + 6/20?
2, 5, 73
Let i(h) be the second derivative of h**4/12 - h**3/3 + 9*h**2 - 13*h + 1. List the prime factors of i(-13).
3, 71
Suppose 138 - 50 = -8*v. List the prime factors of 42/(0 - 3)*v/2.
7, 11
Suppose 4*p + x - 2 = 123, 2*p - 5*x = 35. Suppose h - 7 = -3*d, 5*d = h + 3*h + 40. What are the prime factors of (-1 + -3 - h)*p?
2, 3, 5
Let q(h) = 2*h**3 + 4*h**2 - 7*h + 62. List the prime factors of q(7).
5, 179
Suppose x - 6 + 2 = 0. Let z(f) = -x*f**2 - f**3 - 9 + 12*f + 19 - 4*f. What are the prime factors of z(-6)?
2, 17
Suppose -g - 8*g = 0. Suppose -8*m + 678 + 26 = g. List the prime factors of m.
2, 11
Suppose 144 = 2*r - 2*y, -4*y + 184 = 3*r + y. Let s = 70 - r. List the prime factors of s.
2
Let m(p) = 54*p + 1. Let l = 16 - 14. Let z be m(l). Let g = z + -50. What are the prime factors of g?
59
Let m = 7340 - 5157. List the prime factors of m.
37, 59
Let h = -4799 + 7828. What are the prime factors of h?
13, 233
Let t = 113 + -166. List the prime factors of (160/(-100))/(t/(-55) - 1).
2, 11
Suppose 0 = 2*n - 5*f - 1024, -n + 762 = -f + 244. List the prime factors of n.
2, 3, 29
Suppose -30*r = -32*r - 42. What are the prime factors of (-320)/(-2) + 0/r?
2, 5
Suppose -3*d - 5*m + 7773 = 0, -d - 2*d - 3*m + 7779 = 0. What are the prime factors of d?
2, 11, 59
Suppose 0 = 6*i - 1856 - 9142. List the prime factors of i.
3, 13, 47
Let c be (4/3)/((8/(-3))/(-4)). Suppose -5*y - 214 = -5*g + 3*g, -c*g - y + 226 = 0. List the prime factors of g.
2, 7
Suppose 0 = -6*l + 2105 + 763. What are the prime factors of l?
2, 239
Let v be 0*-1*(2 - 1). Suppose 5*o = l - 136, o - 1 - 4 = v. What are the prime factors of l?
7, 23
Suppose -i - 1 - 2 = 0. Let c = 54 + i. List the prime factors of c.
3, 17
Let j(p) = -4*p - 15*p - 6 - 1 - 3. What are the prime factors of j(-4)?
2, 3, 11
List the prime factors of 8/(-5)*(18/(-2) - 1761).
2, 3, 59
Suppose -l - l + 24 = 0. Let u(h) = h**2 - 10*h - 10. List the prime factors of u(l).
2, 7
What are the prime factors of (-2183)/(-12) - 25/(-300)?
2, 7, 13
List the prime factors of (689/(-78)*-3)/((-1)/(-40)).
2, 5, 53
What are the prime factors of 897 - (32 + -29)/(1 - 0)?
2, 3, 149
Let t be (1/2)/(2/(-204)). Let z be (t/6)/(1/6). Let g = -8 - z. What are the prime factors of g?
43
Let c = 21 - 21. Suppose 3*w = -0*b - 5*b + 31, 5*w + 15 = c. List the prime facto